 divided by x?
7
Let t(b) = -3*b - 4. Let u be t(15). Let p = 114 + u. Calculate the remainder when p is divided by 19.
8
Let l(b) = b**2 + 7*b + 2. Let w(z) = -1. Let a(f) = -l(f) - 6*w(f). What is the remainder when 58 is divided by a(-6)?
8
Suppose -3*q = q - 136. Calculate the remainder when (-48)/(-140) + (-10)/70 + (-639)/(-5) is divided by q.
26
Let z = -288 + 393. What is the remainder when z is divided by 38?
29
Suppose -3*n = -7*c + 3*c + 19, 4*c - n - 9 = 0. Calculate the remainder when 5 is divided by (-30)/(-10)*(0 + c).
2
Suppose 4*x + 0*j + 2*j = 302, 15 = 5*j. Calculate the remainder when 957 is divided by x.
69
Let k be -54*2 + -25 + 23. Let d = k + 159. Calculate the remainder when d is divided by 10.
9
Suppose 64*n + 6139 = 6331. What is the remainder when 1/4 - (-19)/4 is divided by n?
2
Suppose 53*r - 733 = 327. Calculate the remainder when (-1)/3 - 320/(-6) is divided by r.
13
Suppose 22*r - 5 = 21*r. What is the remainder when 51 is divided by r?
1
Let i(o) = 65*o - 374. What is the remainder when 366 is divided by i(6)?
14
Suppose 0*l = 2*l - 88. Suppose 2*n = 50 - l. Calculate the remainder when 6 is divided by n.
0
Suppose 0*i = 5*i. Suppose -5*w + 12 + 43 = i. Calculate the remainder when 43 is divided by w.
10
Suppose 5*u - 24 = -5*b + 121, 5*u - 190 = 4*b. Let z = 5 + 13. Calculate the remainder when u is divided by z.
16
Suppose -1470 = -7*a + 2730. Calculate the remainder when a is divided by 43.
41
Suppose 0 = -4*a - 399 + 619. Suppose 3*y + 37 = 3*u - 35, 0 = -5*u - 4*y + 84. What is the remainder when a is divided by 1*-2 - (4 - u)?
13
Let f = 128 - 128. Suppose -6*o + 3*o + 48 = f. Calculate the remainder when 63 is divided by o.
15
Calculate the remainder when 34 - -22 - 1/1 is divided by 8.
7
Suppose 2*x + 134*d - 278 = 132*d, 5*x - 3*d - 703 = 0. What is the remainder when x is divided by 21?
14
Suppose -9 - 1 = -u - 0. Suppose -179 - 55 = -3*w. Calculate the remainder when 2/2*w/2 is divided by u.
9
Let q(k) = 2*k - 3. Let w be q(4). Suppose -26 = w*s - 121. Calculate the remainder when 54 is divided by s.
16
Let q = -262 + 272. What is the remainder when 186 is divided by q?
6
Let t = -52 - -73. Let q = -40 + 42. Suppose 4*w + 27 = 2*z + 5*w, -10 = -q*w. What is the remainder when t is divided by z?
10
Suppose -4*w + 5 = -11. Suppose 0*c + 2*c + 6 = 0, w*c + 228 = 4*z. Suppose s - 5*x - z = 5, 2*s - 2*x - 158 = 0. What is the remainder when s is divided by 29?
26
Suppose 3*v - l = 155, 5*l = -5*v + 220 + 5. Let g(z) = 11*z**2 + 19*z - 8. What is the remainder when g(3) is divided by v?
48
Suppose 0 = 3*q + 5*u - 238, 0 = -q + u - 39 + 105. Calculate the remainder when q is divided by 2/(-28)*-122 + 8/28.
8
Suppose 0*l = 3*l - 57. Suppose -p - 13 = -l. What is the remainder when 23 is divided by p?
5
Let l(r) = -27*r + 1. Let o = 5 - 3. Calculate the remainder when o is divided by l(0).
0
Suppose -47*h - 498 = -1861. What is the remainder when 252 is divided by h?
20
Let k(g) = -10*g**3 + 2*g**2 - 2*g + 1. Let t be k(1). Let v be (t/6)/((-6)/(-8)). What is the remainder when 22 is divided by (60/(-35))/(v/14)?
10
Let a = -148 - -164. What is the remainder when (1 + 0)/((-1)/(-47)) is divided by a?
15
What is the remainder when 23 is divided by 2 + -12 + 6 + 10?
5
Let j be (-20)/(-3) + (-8)/12. Suppose 1 - j = -5*y. Let b(w) = -w**2 + 3*w - 1. What is the remainder when y is divided by b(2)?
0
What is the remainder when 262 + 13 + -7 + -7 is divided by 42?
9
Let z(p) = -2*p + 3 - 8 - 4*p - 14. Calculate the remainder when z(-9) is divided by 19.
16
Let y(g) = 81*g**2 - g. Let n be y(-1). Let w = n + -37. Suppose -3*a = 2*a - w. Calculate the remainder when 24 is divided by a.
6
Let s(b) = -4*b**2 + 85*b - 16. Let c be s(20). Let z = -3 + 8. Suppose 5*n - 2*t = 447, c = 2*n - n + z*t. What is the remainder when n is divided by 30?
29
Suppose 3*y + 99 = -12. Let v = 65 + y. Suppose 2*m - 1 = 11. Calculate the remainder when v is divided by m.
4
Suppose -27*o - 2*y + 56 = -25*o, 0 = -3*o - 5*y + 80. What is the remainder when 269 is divided by o?
29
Let m = 648 + -628. Calculate the remainder when (-582)/(-10) + 1/(-5) is divided by m.
18
Let m(b) = -52*b - 32. Calculate the remainder when 46 is divided by m(-1).
6
Let m(b) = -3*b + 3. Suppose -4*x - 12 = 0, 4*a + x + x + 54 = 0. What is the remainder when m(a) is divided by 8?
7
Suppose -29*t - 7565 = -33549. What is the remainder when t is divided by 39?
38
Suppose -4*m - 2 = -z + 3, -2*z = 5*m - 62. Let p = z - 18. Let c(r) = -r + 7. What is the remainder when 8 is divided by c(p)?
0
Let o(z) = 52*z + 11. Let i(b) = b**3 - 4*b + 4. Let l be i(2). Calculate the remainder when o(l) is divided by 13.
11
Suppose -1621*m - 168 = -1628*m. Calculate the remainder when 334 is divided by m.
22
Let o = -14 - -20. What is the remainder when 23 is divided by o?
5
Let u = 558 + -548. Calculate the remainder when 95 is divided by u.
5
Suppose 0*m + 3*r = -m - 35, -3*r - 9 = 0. Let s = m + 46. Calculate the remainder when s is divided by 8.
4
Let g = -43 - -62. Let u = g + 4. What is the remainder when 90 is divided by u?
21
Let j(x) be the second derivative of -5*x**3/3 + 67*x**2/2 - 45*x. Calculate the remainder when j(6) is divided by 7.
0
Suppose -4*g = -2*g + 5*y + 19, -2*g - y + 1 = 0. Suppose -2*w + 37 + 38 = g*p, 15 = 3*p. What is the remainder when 89 is divided by w?
29
Suppose t - 3*t = -200. Let b be (t/(-15))/((-1)/(-3)). Calculate the remainder when 69 is divided by 3*(-8)/12 - b.
15
Let f(z) = 41*z**2 + z - 1. Suppose -3*x + 184 = d - 306, 4*x - 636 = 3*d. What is the remainder when x is divided by f(1)?
39
Calculate the remainder when 594 is divided by -5*(11 - 9) - -27.
16
Suppose -77*i + 75*i + 808 = 0. Calculate the remainder when i is divided by 81.
80
Suppose -a + m + 708 = 3*a, -m + 4 = 0. What is the remainder when a is divided by -12 + -9 + (75 - 9)?
43
Suppose 0 = 6*z - 347 + 89. Suppose b + 0*b = 0. Suppose 69 = 3*j - b*j. Calculate the remainder when z is divided by j.
20
Suppose -4*h + 4 = 0, 5*k - h = 186 + 408. Suppose -60 = -5*x + 5*m, 2*x = x - m + 2. Suppose -k = -4*f - x. What is the remainder when f is divided by 8?
4
Let x(n) = -n**2 + 7*n + 1. Calculate the remainder when 52 - (-1 - (2 + -11 + 5)) is divided by x(3).
10
Suppose 30*s + 19822 = 136*s. What is the remainder when s is divided by 9?
7
Suppose a - 408 = -3*a + 5*z, -5*z + 20 = 0. Suppose 43 = 3*h - a. Calculate the remainder when h is divided by 13.
11
Suppose 3*g - 2*g - 16 = -3*z, 3*z - 5*g = 28. Calculate the remainder when 208 is divided by z.
4
Suppose 2*l - 3*j + 5*j - 74 = 0, 4*l = 4*j + 156. Calculate the remainder when l is divided by 11.
5
Let z be 24/(-36) + (-1)/((-3)/(-4)). What is the remainder when (16 + -27)/(-1*z/(-6)) is divided by 12?
9
Suppose -8 = -d + 6. Suppose -w + d = 3. Calculate the remainder when 18 is divided by w.
7
Let y = 16 + -48. Let v = 25 - y. Suppose 4*o - 8*o + 84 = 0. What is the remainder when v is divided by o?
15
Let k be 39/2 + (-5)/(-10). Suppose 2*q - 78 = k. What is the remainder when q is divided by 26?
23
Let z = -597 - -623. What is the remainder when 567 is divided by z?
21
Suppose 2*w - 4*j - 30 = 0, 0*w + 2*j + 30 = 2*w. Let s = -130 + 170. Calculate the remainder when s is divided by w.
10
What is the remainder when 150 is divided by (8/(-10) - -2)/((-3)/(-35))?
10
Suppose 3*k + 295 = 5*q, 3*q + k + 177 = 6*q. What is the remainder when q is divided by 25?
9
Suppose -496 + 128 = -16*g. What is the remainder when 81 is divided by g?
12
Suppose -5*v - 4*x + 868 = 0, v - 2*x + 9*x - 186 = 0. Calculate the remainder when v is divided by 48.
28
Let q(x) = x**2 + 12. Let d = 52 + -47. Calculate the remainder when 182 is divided by q(d).
34
Let r(z) = z**2 - 2*z + 1. Calculate the remainder when (-6 - -4)/2*-13 - -5 is divided by r(3).
2
Suppose -15*v + 3520 = 17*v. What is the remainder when v is divided by 16?
14
Suppose -3*f = -4*f + 4*p - 3, 3*p + 66 = 4*f. Suppose 3 + 3 = 3*q. What is the remainder when f is divided by ((-11)/q - 0)*-2?
10
Let x(w) = 8*w + 7. Let t be x(-3). Calculate the remainder when 65 is divided by (-1 + -1)*t/2.
14
Suppose 5*j - 2*j = 0. Let l be 5 + 15/(-5) + j. Suppose 3*v = v - 4*g + 12, -2*g 